-4?
e1
In base 13, what is 101 + -2?
cc
In base 9, what is 144 - 20?
124
In base 7, what is -1301 + -3?
-1304
In base 13, what is 1 - -144?
145
In base 9, what is -32 + 1?
-31
In base 13, what is 105 - 16?
bc
In base 5, what is 2 - -1404?
1411
In base 15, what is -4 + -47?
-4b
In base 14, what is 2955 - 4?
2951
In base 15, what is -a8 - -3?
-a5
In base 6, what is -552 + -13?
-1005
In base 10, what is -25 - 4?
-29
In base 7, what is 1242 + -4?
1235
In base 5, what is 20 + 20?
40
In base 8, what is -61 + -26?
-107
In base 10, what is 10 - 38?
-28
In base 12, what is 12 + -3a?
-28
In base 16, what is 2d4 - 3?
2d1
In base 6, what is -3 + -4?
-11
In base 14, what is -19d - -27?
-176
In base 5, what is 242 - 143?
44
In base 9, what is 10012 + 0?
10012
In base 3, what is 110 - 20221?
-20111
In base 7, what is 14 + -13?
1
In base 10, what is 2 - 1336?
-1334
In base 6, what is -5 + -105?
-114
In base 5, what is -4 + 30?
21
In base 8, what is 132 + 6?
140
In base 3, what is 1100 + -10?
1020
In base 12, what is 19 + -a?
b
In base 7, what is 4 - -10?
14
In base 15, what is -3 - 3a?
-3d
In base 2, what is 110101000001 + -100?
110100111101
In base 5, what is 304 + 31?
340
In base 11, what is 514 - 2?
512
In base 13, what is -37 - c?
-46
In base 15, what is -4 - -10?
b
In base 11, what is -5 + -219?
-223
In base 8, what is -22 + 3?
-17
In base 9, what is -1 - 275?
-276
In base 9, what is -83 + 0?
-83
In base 4, what is 1213 - 21?
1132
In base 10, what is 1 + 1006?
1007
In base 3, what is -122002 - -12?
-121220
In base 2, what is 10110111111 + 11?
10111000010
In base 7, what is 1 + -22?
-21
In base 12, what is 24 - 2?
22
In base 12, what is 8 - -23?
2b
In base 15, what is 12133 - -4?
12137
In base 14, what is -4 - -78b?
787
In base 4, what is -23 + -1202?
-1231
In base 13, what is -6b + -6?
-74
In base 6, what is -3 - 21550?
-21553
In base 5, what is -1 + 21?
20
In base 16, what is -36 + -1?
-37
In base 12, what is -1857 + -5?
-1860
In base 10, what is 29 + 7?
36
In base 2, what is -1 + 101110?
101101
In base 5, what is 30 + -2311?
-2231
In base 15, what is 1 + -76b?
-76a
In base 14, what is 12d - -3d?
16c
In base 9, what is -136 - -5?
-131
In base 7, what is -136 - -5?
-131
In base 9, what is 4 + 524?
528
In base 5, what is -13123 - -12?
-13111
In base 3, what is -211 - -11?
-200
In base 16, what is 57 - 18?
3f
In base 2, what is -1100010110101 + -100?
-1100010111001
In base 2, what is -10001110 + -1110?
-10011100
In base 3, what is -212200 + -1?
-212201
In base 16, what is 11 + -8?
9
In base 12, what is 2 - 56?
-54
In base 4, what is 1031113 + 11?
1031130
In base 7, what is -4 + -324?
-331
In base 5, what is 2424 + 2?
2431
In base 8, what is -3 + 5740?
5735
In base 13, what is -5 - -1?
-4
In base 6, what is -30155 - -1?
-30154
In base 10, what is -118 + -11?
-129
In base 8, what is -50 + 52?
2
In base 12, what is 497 - -2?
499
In base 8, what is -7 - 131?
-140
In base 3, what is -1 + 1?
0
In base 16, what is -14 + 3?
-11
In base 3, what is 11 + 2100?
2111
In base 7, what is 1335 + 0?
1335
In base 12, what is -271 + -5?
-276
In base 14, what is -a + -191?
-19b
In base 3, what is 11 - -120?
201
In base 14, what is -1 + 1a?
19
In base 16, what is 4 - 14?
-10
In base 9, what is 108 - 3?
105
In base 11, what is 52 - -10?
62
In base 12, what is -145 - 5?
-14a
In base 5, what is -20 - -424?
404
In base 3, what is 10 + -10121?
-10111
In base 13, what is 4 - -c?
13
In base 4, what is -12 - 12100?
-12112
In base 7, what is 4 - 1605?
-1601
In base 4, what is 2200 + -13?
2121
In base 8, what is -47 + -261?
-330
In base 7, what is -3 - -353?
350
In base 4, what is -3 - 2122?
-2131
In base 7, what is -56 + 122?
33
In base 15, what is 457 + 2?
459
In base 7, what is 5 - 4556?
-4551
In base 4, what is 322121 - 10?
322111
In base 15, what is -1c16 - 1?
-1c17
In base 14, what is -3 - -159?
156
In base 2, what is -111000 + -10?
-111010
In base 5, what is 3 + -434?
-431
In base 9, what is 8111 + -3?
8107
In base 11, what is 3493 - 3?
3490
In base 2, what is 1010 + -1111?
-101
In base 8, what is 503 - 1?
502
In base 13, what is 5 - 59a?
-595
In base 15, what is ae + 5?
b4
In base 2, what is 10 - -10110100?
10110110
In base 10, what is 3060 - 5?
3055
In base 7, what is 21 - 2?
16
In base 8, what is -1 - 442?
-443
In base 5, what is -2 - 12303?
-12310
In base 12, what is 6 - 1b11?
-1b07
In base 10, what is -1268 + -6?
-1274
In base 15, what is -5 + -1858?
-185d
In base 3, what is 1212 - -2?
1221
In base 6, what is -122 + 35?
-43
In base 5, what is -3 + -20?
-23
In base 14, what is -1 - -d9d?
d9c
In base 10, what is -10 - -77?
67
In base 10, what is -1 - 6876?
-6877
In base 14, what is 3 - -48?
4b
In base 7, what is 24 + 4?
31
In base 2, what is 10001 - 1010?
111
In base 8, what is 2 - 130?
-126
In base 14, what is -26b - 6?
-273
In base 15, what is -6 + 2d6?
2d0
In base 14, what is -28 + -5?
-2d
In base 10, what is 4 + -365?
-361
In base 14, what is 5 - -6a?
71
In base 7, what is -3 + 5223?
5220
In base 11, what is 45 + 4?
49
In base 8, what is 134 + -4?
130
In base 9, what is -74 + 5?
-68
In base 5, what is -10 + 210?
200
In base 14, what is -153 + -12?
-165
In base 9, what is -1 - 716?
-717
In base 12, what is 2816 - 2?
2814
In base 13, what is 2a95 + -2?
2a93
In base 6, what is 5 - -4515?
4524
In base 15, what is -2880 + 3?
-287c
In base 3, what is -22120 - 112?
-100002
In base 7, what is 235 - 4?
231
In base 5, what is -2002 + 102?
-1400
In base 14, what is -344 - 2c?
-372
In base 4, what is 323 - 1033?
-110
In base 13, what is -138 - 5?
-140
In base 10, what is -36 - -7?
-29
In base 11, what is -2 - 1?
-3
In base 4, what is 2121 - 11?
2110
In base 7, what is 40 + -40?
0
In base 3, what is -12 - 100011?
-100100
In base 5, what is 3212440 - -4?
3212444
In base 4, what is 3313 - 12?
3301
In base 10, what is -3657 - 2?
-3659
In base 14, what is -b - -54?
47
In base 8, what is 4574 - 5?
4567
In base 15, what is 15 + -123?
-10d
In base 7, what is 464 + 104?
601
In base 9, what is -2116 - -4?
-2112
In base 12, what is -3 + -33?
-36
In base 4, what is -1000 + -10211?
-11211
In base 11, what is 1030 - 2?
1029
In base 6, what is -3 - -524?
521
In base 8, what is -4 + -560?
-564
In base 13, what is 29 - -3?
2c
In base 8, what is 3 + 54?
57
In base 10, what is 0 + 70?
70
In base 15, what is 8 + 4d0?
4d8
In base 9, what is -3 + 20?
16
In base 4, what is -10 + 11011?
11001
In base 9, what is 5 - 25?
-20
In base 9, what is -18534 + 1?
-18533
In base 9, what is -1567 + 2?
-1565
In base 4, what is -2311 + -1?
-2312
In base 15, what is -98c + -5?
-992
In base 14, what is 12 - -2d0?
302
In base 3, what is 11020 + -122?
10121
In base 10, what is 13 - -324?
337
In base 9, what is -2 - -2401?
2388
In base 10, what is -2664 - -1?
-2663
In base 14, what is 5 + 43a?
441
In base 4, what is 3323 - 333?
2330
In base 16, what is -7 + 9b?
94
In base 3, what is -102 + -1010102?
-1010211
In base 3, what is 2 - -112212?
112221
In base 14, what is -2 + 8?
6
In base 11, what is 1 - -193?
194
In base 14, what is 5 - ad?
-a8
In base 9, what is 1012 - -8?
1021
In base 16, what is 1 + -bac?
-bab
In base 2, what is -100 - 100010?
-100110
In base 7, what is -5 + -154?
-162
In base 10, what is 2 + 151?
153
In base 3, what is 11210211 - -12?
11211000
In base 15, what is -9 - 7?
-11
In base 10, what is -3 - 66?
-69
In base 6, what is -5 - -55?
50
In base 14, what is 1 - -721?
722
In base 9, what is -5 - 448?
-454
In base 12, what is -1 - -b3?
b2
In base 13, what is -5 + -172?
-177
In base 7, what is -626 + -2?
-631
In base 3, what is 10 + -1202122?
-1202112
In base 12, what is -2b - -23?
-8
In base 12, what is 28 + 16?
42
In base 11, what is a + 45?
54
In base 7, what is -2 - -1030?
1025
In base 13, what is 256 - 2?
254
In base 3, what is 1 - -1110?
1111
In base 6, what is 5 + -15?
-10
In base 2, what is -110 - 111?
-1101
In base 14, what is -5 + -10a?
-111
In base 3, what is 12 - 210021?
-210002
In base 7, what is -235 + -110?
-345
In base 13, what is 38b2 + 4?
38b6
In base 9, what is 1681 + -3?
1677
In base 7, what is -3 + -10205?
-10211
In base 16, what is -6 + 50?
4a
In base 16, what is 5119 - 2?
5117
In base 11, what is -3 + -5576?
-5579
In base 2, what is 11110100011 + 10?
11110100101
In base 8, what is -2 